, 3, 5, 14411
What are the prime factors of 10914635?
5, 31, 67, 1051
What are the prime factors of 539760?
2, 3, 5, 13, 173
What are the prime factors of 1445486?
2, 7, 223, 463
What are the prime factors of 383040?
2, 3, 5, 7, 19
List the prime factors of 368034.
2, 3, 61339
List the prime factors of 979119.
3, 108791
What are the prime factors of 1680989?
179, 9391
List the prime factors of 55384.
2, 7, 23, 43
List the prime factors of 564774.
2, 3, 7, 17, 113
List the prime factors of 166310.
2, 5, 16631
What are the prime factors of 133898?
2, 66949
What are the prime factors of 122908?
2, 30727
What are the prime factors of 168088?
2, 21011
What are the prime factors of 36972296?
2, 4621537
List the prime factors of 35576441.
35576441
List the prime factors of 15351911.
67, 229133
List the prime factors of 5109622.
2, 7, 17, 3067
What are the prime factors of 7305566?
2, 3652783
What are the prime factors of 1004351?
43, 23357
What are the prime factors of 2285704?
2, 47, 6079
What are the prime factors of 1004663?
11, 19, 23
What are the prime factors of 30926?
2, 7, 47
List the prime factors of 10366219.
73, 211, 673
List the prime factors of 1270245.
3, 5, 19, 4457
What are the prime factors of 2944548?
2, 3, 263, 311
List the prime factors of 308638.
2, 11, 14029
What are the prime factors of 119052?
2, 3, 3307
List the prime factors of 601864.
2, 23, 3271
What are the prime factors of 1136?
2, 71
List the prime factors of 187098.
2, 3, 31183
List the prime factors of 8277559.
19, 435661
List the prime factors of 515974.
2, 257987
List the prime factors of 6527932.
2, 17, 5647
List the prime factors of 6725532.
2, 3, 11, 50951
List the prime factors of 529581.
3, 13, 37, 367
List the prime factors of 6719043.
3, 1051, 2131
List the prime factors of 19209070.
2, 5, 109, 17623
What are the prime factors of 634805?
5, 126961
List the prime factors of 3663391.
41, 199, 449
List the prime factors of 584959.
23, 29, 877
What are the prime factors of 1589823?
3, 17, 10391
What are the prime factors of 10978011?
3, 11, 37
What are the prime factors of 3629333?
107, 317
List the prime factors of 704886.
2, 3, 7, 13, 1291
List the prime factors of 3651304.
2, 31, 14723
What are the prime factors of 654924?
2, 3, 54577
What are the prime factors of 20559759?
3, 11, 623023
What are the prime factors of 4774?
2, 7, 11, 31
What are the prime factors of 170697?
3, 17, 3347
What are the prime factors of 1997518?
2, 998759
List the prime factors of 4178485.
5, 809, 1033
List the prime factors of 6501720.
2, 3, 5, 54181
What are the prime factors of 106937?
106937
What are the prime factors of 173664?
2, 3, 67
List the prime factors of 2687182.
2, 23, 58417
What are the prime factors of 11128742?
2, 1283, 4337
What are the prime factors of 365413?
365413
List the prime factors of 2437459.
1063, 2293
List the prime factors of 2179791.
3, 17, 1583
What are the prime factors of 41039?
41039
List the prime factors of 1828531.
1828531
List the prime factors of 1857321.
3, 206369
List the prime factors of 5503928.
2, 251, 2741
List the prime factors of 26919020.
2, 5, 1345951
List the prime factors of 190250.
2, 5, 761
List the prime factors of 1506390.
2, 3, 5, 149, 337
What are the prime factors of 387401?
7, 55343
List the prime factors of 9620637.
3, 13, 246683
List the prime factors of 1093599.
3, 13, 719
List the prime factors of 816816.
2, 3, 7, 11, 13, 17
What are the prime factors of 12851221?
199, 64579
What are the prime factors of 224654?
2, 112327
List the prime factors of 2920735.
5, 29, 20143
What are the prime factors of 1326046?
2, 263, 2521
List the prime factors of 2671376.
2, 199, 839
List the prime factors of 1144921.
19, 60259
List the prime factors of 140845.
5, 17, 1657
What are the prime factors of 13882162?
2, 7, 761, 1303
List the prime factors of 132246.
2, 3, 31, 79
What are the prime factors of 2665480?
2, 5, 37, 1801
What are the prime factors of 4116548?
2, 59, 17443
What are the prime factors of 3444831?
3, 13, 29443
What are the prime factors of 105573?
3, 13, 2707
List the prime factors of 3706126.
2, 1853063
What are the prime factors of 52416?
2, 3, 7, 13
What are the prime factors of 3411163?
7, 137, 3557
What are the prime factors of 95612?
2, 11, 41, 53
What are the prime factors of 16792276?
2, 19, 29, 401
What are the prime factors of 46185?
3, 5, 3079
List the prime factors of 2708514.
2, 3, 150473
What are the prime factors of 6910349?
613, 11273
List the prime factors of 896751.
3, 11071
What are the prime factors of 822258?
2, 3, 15227
What are the prime factors of 153551?
97, 1583
List the prime factors of 407154.
2, 3, 11, 31, 199
What are the prime factors of 481066?
2, 17, 14149
What are the prime factors of 220139?
29, 7591
What are the prime factors of 27494603?
1303, 21101
List the prime factors of 948707.
948707
What are the prime factors of 3013091?
3013091
What are the prime factors of 57015?
3, 5, 7, 181
What are the prime factors of 239931?
3, 53, 503
What are the prime factors of 189117?
3, 21013
List the prime factors of 7788171.
3, 2596057
List the prime factors of 5266632.
2, 3, 7, 23, 29, 47
List the prime factors of 2288884.
2, 13, 44017
List the prime factors of 3518153.
1499, 2347
List the prime factors of 65467.
17, 3851
What are the prime factors of 12859404?
2, 3, 41, 59, 443
List the prime factors of 1031988.
2, 3, 85999
List the prime factors of 412127.
412127
List the prime factors of 4622174.
2, 227, 10181
What are the prime factors of 97658?
2, 11, 23, 193
List the prime factors of 2562121.
17, 29, 5197
What are the prime factors of 7434856?
2, 11, 13, 67, 97
List the prime factors of 7260012.
2, 3, 201667
List the prime factors of 25151155.
5, 19, 264749
What are the prime factors of 151678?
2, 181, 419
List the prime factors of 223199.
61, 3659
What are the prime factors of 797668?
2, 199417
What are the prime factors of 171739?
263, 653
List the prime factors of 2004340.
2, 5, 13, 593
List the prime factors of 14316070.
2, 5, 1431607
What are the prime factors of 5705135?
5, 1141027
What are the prime factors of 5168?
2, 17, 19
List the prime factors of 365459.
31, 11789
List the prime factors of 243300.
2, 3, 5, 811
List the prime factors of 84923.
163, 521
What are the prime factors of 314143?
17, 1087
List the prime factors of 5511496.
2, 191, 3607
What are the prime factors of 20723?
17, 23, 53
List the prime factors of 1413947.
241, 5867
List the prime factors of 2928920.
2, 5, 37, 1979
What are the prime factors of 9382825?
5, 89, 4217
List the prime factors of 2770064.
2, 11, 15739
What are the prime factors of 1399804?
2, 7, 49993
What are the prime factors of 110632?
2, 13829
List the prime factors of 184893.
3, 61631
What are the prime factors of 10800608?
2, 7, 13, 3709
List the prime factors of 10457813.
10457813
What are the prime factors of 10550472?
2, 3, 17, 19, 1361
List the prime factors of 1774558.
2, 347, 2557
What are the prime factors of 3639016?
2, 61, 7457
List the prime factors of 57651.
3, 11, 1747
What are the prime factors of 3305467?
11, 300497
What are the prime factors of 493024?
2, 7, 31, 71
List the prime factors of 218002.
2, 109001
List the prime factors of 5936028.
2, 3, 7, 70667
What are the prime factors of 38438567?
38438567
What are the prime factors of 508331?
508331
List the prime factors of 23240.
2, 5, 7, 83
List the prime factors of 6750853.
17, 67, 5927
List the prime factors of 5545614.
2, 3, 924269
List the prime factors of 3033816.
2, 3, 83, 1523
What are the prime factors of 19201332?
2, 3, 149, 10739
List the prime factors of 363575.
5, 14543
List the prime factors of 30770.
2, 5, 17, 181
What are the prime factors of 2836703?
2836703
What are the prime factors of 4008031?
19, 193, 1093
List the prime factors of 192942.
2, 3, 397
What are the prime factors of 160694?
2, 80347
What are the prime factors of 383097?
3, 11, 13, 19, 47
List the prime factors of 533730.
2, 3, 5, 17791
List the prime factors of 1249852.
2, 271, 1153
What are the prime factors of 136837?
193, 709
List the prime factors of 404094.
2, 3, 67349
What are the prime factors of 1112650?
2, 5, 7, 11, 17
List the prime factors of 1241124.
2, 3, 59, 1753
List t